{"id":7,"date":"2020-01-06T07:51:42","date_gmt":"2020-01-06T07:51:42","guid":{"rendered":"https:\/\/www.xn--menschfrtier-jlb.com\/?page_id=7"},"modified":"2021-09-22T11:26:35","modified_gmt":"2021-09-22T11:26:35","slug":"meine-arbeit","status":"publish","type":"page","link":"https:\/\/www.xn--menschfrtier-jlb.com\/?page_id=7","title":{"rendered":"Meine Arbeit"},"content":{"rendered":"\n<h4><strong>Meridianbalance \/ APM<\/strong>:<\/h4>\n\n\n\n<p> Die Meridianbalance, auch Akupunktmassage (APM) genannt, ist eine sehr sanfte, aber handfeste Technik. Sie ist eine Regulationstherapie und wird nach den Grundlagen der Traditionellen Chinesischen Medizin (TCM) angewandt.<br>Durch das Ziehen der Meridiane werden die Energiebahnen angeregt, dadurch werden Ungleichgewichte ausgeglichen und k\u00f6rpereigene Heilkr\u00e4fte aktiviert. <\/p>\n\n\n\n<figure class=\"wp-block-image size-large\"><img loading=\"lazy\" width=\"1024\" height=\"683\" src=\"https:\/\/www.xn--menschfrtier-jlb.com\/wp-content\/uploads\/2020\/01\/meineArbeit1-1024x683.jpg\" alt=\"\" class=\"wp-image-55\" srcset=\"https:\/\/www.xn--menschfrtier-jlb.com\/wp-content\/uploads\/2020\/01\/meineArbeit1-1024x683.jpg 1024w, https:\/\/www.xn--menschfrtier-jlb.com\/wp-content\/uploads\/2020\/01\/meineArbeit1-300x200.jpg 300w, https:\/\/www.xn--menschfrtier-jlb.com\/wp-content\/uploads\/2020\/01\/meineArbeit1-768x512.jpg 768w, https:\/\/www.xn--menschfrtier-jlb.com\/wp-content\/uploads\/2020\/01\/meineArbeit1-1536x1024.jpg 1536w, https:\/\/www.xn--menschfrtier-jlb.com\/wp-content\/uploads\/2020\/01\/meineArbeit1-2048x1366.jpg 2048w, https:\/\/www.xn--menschfrtier-jlb.com\/wp-content\/uploads\/2020\/01\/meineArbeit1-1200x800.jpg 1200w, https:\/\/www.xn--menschfrtier-jlb.com\/wp-content\/uploads\/2020\/01\/meineArbeit1-1980x1320.jpg 1980w\" sizes=\"(max-width: 1024px) 100vw, 1024px\" \/><\/figure>\n\n\n\n<p><em>Krankheit kann entstehen, wenn eine St\u00f6rung des Energieflusses besteht<\/em>. <br><br>Mit einem Massagest\u00e4bchen streicht man entlang der Meridiane und l\u00f6st so Blockaden im Energiekreislauf. Bei Bedarf aktiviert man Akupunkturpunkte, die f\u00fcr den Fluss der Energie verantwortlich sind. <br><br>Auch die <em>Narbenentst\u00f6rung<\/em> ist ein wichtiger Bestandteil der Meridianbalance, denn nicht selten sind Narben Ursache f\u00fcr unzureichenden Energiefluss.<\/p>\n\n\n\n<h4><strong>Kinesiologie:<\/strong>&nbsp; <\/h4>\n\n\n\n<p>Bei der Kinesiologie werden Muskeln, Organe und Meridiane getestet. Dort, wo eine Dysbalance herrscht, wird diese ausgeglichen. <br><br>Mit dem kinesiologischen Muskeltest, auch Biofeedback des K\u00f6rpers genannt, wird abgefragt, was der K\u00f6rper zu diesem Zeitpunkt braucht. <br><br>Es werden <em>neurolymphatische Massagepunkte<\/em> massiert, die das Immunsystem st\u00e4rken, den Lymphfluss aus Muskeln und Organen aktivieren und den gesamten Stoffwechsel anregen. <br><br><em>Neurovaskul\u00e4re Kontaktpunkte<\/em> werden aktiviert, die das Kreislaufsystem anregen und die Durchblutung der zugeh\u00f6rigen Organe und Muskeln f\u00f6rdern. <br><br><em>Meridiane<\/em> werden gezogen und <em>Muskeln<\/em> werden massiert. <br><br><em>Der emotionale Stressabbau<\/em> (ESA) reduziert die sch\u00e4dlichen Auswirkungen von Stress. Stress kann emotional oder physisch ausgel\u00f6st werden. In der Kinesiologie testet man die belastende Emotion aus den Emotionen der 5 Elemente aus. <br><br>Auch Nahrungs- und Futtermittelvertr\u00e4glichkeiten bzw. -unververtr\u00e4glichkeiten k\u00f6nnen abgefragt werden.<\/p>\n\n\n\n<figure class=\"wp-block-image size-large is-resized\"><img loading=\"lazy\" src=\"https:\/\/www.xn--menschfrtier-jlb.com\/wp-content\/uploads\/2021\/09\/Nicki_Country-28-682x1024.jpg\" alt=\"\" class=\"wp-image-154\" width=\"353\" height=\"528\"\/><\/figure>\n\n\n\n<h4><strong>Tierkommunikation:&nbsp;<\/strong><\/h4>\n\n\n\n<p>F\u00fcr die Tierkommunikation wird die Alpha Mind Technik, mit der man wieder Zugang zu unserer Intuition erh\u00e4lt, verwendet. <br><br>Die Tierkommunikation hilft uns, Kontakt zum Tier aufzunehmen und es verstehen zu k\u00f6nnen. <br><br>Mit der Alpha Mind Technik k\u00f6nnen au\u00dferdem Ferntestungen und Fernsitzungen gemacht werden.<\/p>\n\n\n\n<figure class=\"wp-block-image size-large\"><img loading=\"lazy\" width=\"1024\" height=\"683\" src=\"https:\/\/www.xn--menschfrtier-jlb.com\/wp-content\/uploads\/2020\/01\/meineArbeit3-1-1024x683.jpg\" alt=\"\" class=\"wp-image-119\" srcset=\"https:\/\/www.xn--menschfrtier-jlb.com\/wp-content\/uploads\/2020\/01\/meineArbeit3-1-1024x683.jpg 1024w, https:\/\/www.xn--menschfrtier-jlb.com\/wp-content\/uploads\/2020\/01\/meineArbeit3-1-300x200.jpg 300w, https:\/\/www.xn--menschfrtier-jlb.com\/wp-content\/uploads\/2020\/01\/meineArbeit3-1-768x512.jpg 768w, https:\/\/www.xn--menschfrtier-jlb.com\/wp-content\/uploads\/2020\/01\/meineArbeit3-1-1536x1024.jpg 1536w, https:\/\/www.xn--menschfrtier-jlb.com\/wp-content\/uploads\/2020\/01\/meineArbeit3-1-2048x1365.jpg 2048w, https:\/\/www.xn--menschfrtier-jlb.com\/wp-content\/uploads\/2020\/01\/meineArbeit3-1-1200x800.jpg 1200w, https:\/\/www.xn--menschfrtier-jlb.com\/wp-content\/uploads\/2020\/01\/meineArbeit3-1-1980x1320.jpg 1980w\" sizes=\"(max-width: 1024px) 100vw, 1024px\" \/><\/figure>\n\n\n\n<h4>R\u00fcckenbalance:<\/h4>\n\n\n\n<p>Durch verschiedene Techniken der R\u00fcckenbalance, z.B. Lockerungs- und Dehnungs\u00fcbungen, \u00dcbungen zum Faszienl\u00f6sen, verschiedene Massagegriffe, werden Blockaden im Bereich der Wirbels\u00e4ule gel\u00f6st und somit Entspannung erm\u00f6glicht. <br><\/p>\n\n\n\n<h4>Farbbalance:<\/h4>\n\n\n\n<p>Bei der Farbbalance wird die Schwingung der jeweiligen Farben gen\u00fctzt, um auf Gewebe, Organ, Dr\u00fcse, K\u00f6rperteil, Muskel und Meridian einzuwirken. <br><br>Jede Farbe hat ihre Qualit\u00e4t und ihre eigene Schwingung!<br><\/p>\n\n\n\n<figure class=\"wp-block-image size-large is-resized\"><img loading=\"lazy\" src=\"https:\/\/www.xn--menschfrtier-jlb.com\/wp-content\/uploads\/2021\/09\/IMG-20210807-WA0008-1024x461.jpg\" alt=\"\" class=\"wp-image-157\" width=\"526\" height=\"236\" srcset=\"https:\/\/www.xn--menschfrtier-jlb.com\/wp-content\/uploads\/2021\/09\/IMG-20210807-WA0008-1024x461.jpg 1024w, https:\/\/www.xn--menschfrtier-jlb.com\/wp-content\/uploads\/2021\/09\/IMG-20210807-WA0008-300x135.jpg 300w, https:\/\/www.xn--menschfrtier-jlb.com\/wp-content\/uploads\/2021\/09\/IMG-20210807-WA0008-768x346.jpg 768w, https:\/\/www.xn--menschfrtier-jlb.com\/wp-content\/uploads\/2021\/09\/IMG-20210807-WA0008-1536x691.jpg 1536w, https:\/\/www.xn--menschfrtier-jlb.com\/wp-content\/uploads\/2021\/09\/IMG-20210807-WA0008-1200x540.jpg 1200w, https:\/\/www.xn--menschfrtier-jlb.com\/wp-content\/uploads\/2021\/09\/IMG-20210807-WA0008.jpg 1600w\" sizes=\"(max-width: 526px) 100vw, 526px\" \/><\/figure>\n\n\n\n<p><\/p>\n\n\n\n<p><\/p>\n\n\n\n<p class=\"has-text-align-center\">Hinweis:&nbsp;Diese Methoden ersetzen keinen Tierarztbesuch! Bei bereits auftretenden Beschwerden wird R\u00fccksprache mit dem behandelnden Tierarzt gehalten.<\/p>\n\n\n\n<p><\/p>\n","protected":false},"excerpt":{"rendered":"<p>Meridianbalance \/ APM: Die Meridianbalance, auch Akupunktmassage (APM) genannt, ist eine sehr sanfte, aber handfeste Technik. Sie ist eine Regulationstherapie und wird nach den Grundlagen der Traditionellen Chinesischen Medizin (TCM) angewandt.Durch das Ziehen der Meridiane werden die Energiebahnen angeregt, dadurch werden Ungleichgewichte ausgeglichen und k\u00f6rpereigene Heilkr\u00e4fte aktiviert. Krankheit kann entstehen, wenn eine St\u00f6rung des Energieflusses [&hellip;]<\/p>\n","protected":false},"author":1,"featured_media":0,"parent":0,"menu_order":0,"comment_status":"closed","ping_status":"closed","template":"","meta":[],"_links":{"self":[{"href":"https:\/\/www.xn--menschfrtier-jlb.com\/index.php?rest_route=\/wp\/v2\/pages\/7"}],"collection":[{"href":"https:\/\/www.xn--menschfrtier-jlb.com\/index.php?rest_route=\/wp\/v2\/pages"}],"about":[{"href":"https:\/\/www.xn--menschfrtier-jlb.com\/index.php?rest_route=\/wp\/v2\/types\/page"}],"author":[{"embeddable":true,"href":"https:\/\/www.xn--menschfrtier-jlb.com\/index.php?rest_route=\/wp\/v2\/users\/1"}],"replies":[{"embeddable":true,"href":"https:\/\/www.xn--menschfrtier-jlb.com\/index.php?rest_route=%2Fwp%2Fv2%2Fcomments&post=7"}],"version-history":[{"count":23,"href":"https:\/\/www.xn--menschfrtier-jlb.com\/index.php?rest_route=\/wp\/v2\/pages\/7\/revisions"}],"predecessor-version":[{"id":158,"href":"https:\/\/www.xn--menschfrtier-jlb.com\/index.php?rest_route=\/wp\/v2\/pages\/7\/revisions\/158"}],"wp:attachment":[{"href":"https:\/\/www.xn--menschfrtier-jlb.com\/index.php?rest_route=%2Fwp%2Fv2%2Fmedia&parent=7"}],"curies":[{"name":"wp","href":"https:\/\/api.w.org\/{rel}","templated":true}]}}